e 2*d = -n - 3. What is the units digit of (-1 + 2)/((-1)/d)?
2
Let c = -4 - -9. Suppose 2*t - 30 = 2*x, -x - 3 = -c*t + 72. What is the units digit of t?
5
Let s = 3 + -1. What is the units digit of s + (-1 - -1)/1?
2
Let g(s) = -2*s. Let d be g(-5). Let a = -4 + d. What is the units digit of a?
6
Let q = 4 + 0. Suppose 0 = -t + q*n + 3, -t - 3*t + 3*n = -38. What is the tens digit of t?
1
Suppose 2*n = 3*n - 13. Let q = n + -4. What is the units digit of q?
9
Let u(x) = 3*x + 2. Let o(s) = -12*s - 8. Let a(i) = -2*o(i) - 9*u(i). Let b = 4 - 9. What is the units digit of a(b)?
3
Let y(m) = 50*m**2 + 2*m + 1. What is the units digit of y(-1)?
9
Suppose c - 21 = 4*n + 7, 5*n + 56 = -4*c. Let p(f) = -f - 5. What is the units digit of p(n)?
3
Let v(o) = -o**3 - o**2 + o. Let y be v(-2). Let r = -8 + y. What is the units digit of 2/6 - 4/r?
1
What is the tens digit of (-8 + 9)/(2/118)?
5
Suppose -2*p - 4 = -0. Let s = 29 + p. What is the tens digit of s?
2
Let c = -14 + 49. Suppose -x = 4*x - c. What is the units digit of x?
7
Suppose -2*l + 0*v = 4*v - 14, 3*v = 3*l - 30. What is the tens digit of (12/l)/2*30?
2
Let y = -4 - -8. Let w(s) = 2*s - 6. Let v be w(y). Let z = 7 + v. What is the units digit of z?
9
Let x = -10 - -14. Let q(u) = u**2 - 3*u - 4. Let a be q(x). What is the tens digit of 12 - (a/3 - 2)?
1
Let c(p) = -p**2 - 14*p + 3. What is the tens digit of c(-10)?
4
Suppose 0 = 5*c - 15 - 0. Suppose 19 = 2*x - 3*k, -2*k = -c*x - 3*k + 34. What is the units digit of x?
1
Let a be 3*(1/1)/1. Suppose -3*f + 2*w = -38, -w - 1 = a*f - 27. What is the tens digit of f?
1
Let n(z) = 2*z**3 + 2*z**2 - 3*z - 1. What is the units digit of n(2)?
7
Let f(c) = 7*c - 2. Let m be f(2). Let r = m + 29. What is the tens digit of r?
4
Suppose l + 3*l = -2*d - 442, 5*l + d = -557. Let h = -72 - l. What is the units digit of h?
0
Suppose 2*b - 6*b = 16. Suppose x = t + 6 + 5, -5*x - 3*t = -39. Let h = x + b. What is the units digit of h?
5
Suppose 2 = k + k. Let x(b) = b**3 - 2*b + 0*b**3 + 0 - 1 + 3*b. What is the units digit of x(k)?
1
Let w be (-30)/(-6) - (-1 - -3). Suppose -h + w*z + 40 = 0, 2*h - 3*z + 16 = 3*h. What is the tens digit of h?
2
Let w = -89 - -194. What is the hundreds digit of w?
1
Let c(u) = 4*u + 1. What is the tens digit of c(8)?
3
Let j(i) = 19*i - 12. What is the tens digit of j(5)?
8
What is the units digit of 1*-2 - 136/(-4)?
2
Suppose 0 = 3*r - 4*r + 42. Suppose 2*v = n + 4*v - 20, -r = -2*n - 5*v. What is the tens digit of n?
1
Suppose 0 = -5*d + 3*m, -6*m + m + 16 = -3*d. What is the units digit of d?
3
Suppose 4*z + 26 = -u + 4*u, 0 = u - 3*z - 17. Suppose u*q - q - 4 = 0. Suppose -5*x + q = -21. What is the units digit of x?
5
Suppose -15 = 2*x - y, -3*x + 1 - 4 = 5*y. Let j = -4 - x. Suppose 18 = 4*n + 3*r, 2*r - 8 = -j*r. What is the units digit of n?
3
Let z(q) = -2*q - 7. Let f be z(-5). Suppose -f*g = -2 - 7. Suppose 6 = g*j - 24. What is the tens digit of j?
1
Suppose 0 = 4*x + 16 - 52. Let s = -9 + x. What is the tens digit of 16 + s - (-2 + 1)?
1
Let g = 3 + -1. Let v be 18 + -3 + -1 + g. Let b = 24 - v. What is the units digit of b?
8
Suppose 8 = -2*k + 22. What is the units digit of k?
7
Let s = -12 - -20. Suppose -4*x = -s*x + 28. What is the units digit of x?
7
Let t(v) = -10*v - 5. Let p(a) = -10*a - 4. Let h(b) = -7*p(b) + 6*t(b). What is the units digit of h(3)?
8
Let l = 385 - 239. What is the units digit of l?
6
Let u(d) = -d**2 - 5*d + 7. Let v be u(-6). What is the units digit of (12/(-2))/(-3) + v?
3
What is the tens digit of (-1)/9 + (-218)/(-18)?
1
Let b = -4 - -10. Let k = -4 + b. Suppose 0 = 4*f - k*f - 22. What is the tens digit of f?
1
Suppose 5*c = -48 - 2. What is the units digit of (-196)/c + (-6)/(-15)?
0
Suppose 2*d - 2*f - 18 = 0, -4*d + 2*f - f + 39 = 0. Let a = 2 + d. What is the tens digit of a?
1
Suppose 3*n - 5*d - 184 = 0, 3*n + 2*n + d = 260. What is the tens digit of n?
5
What is the units digit of ((-9)/(-6))/(-1) + 798/12?
5
Let h = -7 + 8. Suppose 2*y - h - 3 = 0. What is the units digit of y + 1*(9 + -1)?
0
Suppose 69 = m + 20. What is the units digit of m?
9
Let q = -6 - -43. What is the tens digit of q?
3
Let g be (-1 - (0 - -2))*-2. What is the units digit of -34*(3 - 21/g)?
7
Let s(h) = 3*h**2 - 2*h. Let v be s(2). Let x = 14 - v. Suppose -3*j + 0*j + x = 0. What is the units digit of j?
2
Suppose -p - 3*p - 4 = 0. What is the tens digit of p/(-3) + 106/6?
1
Suppose -4*r = s + 64 - 164, s - 2*r - 70 = 0. What is the tens digit of s?
8
Let k be 9/(-6)*12/(-9). Suppose k*h - 107 = -3*y + 4*h, 0 = -3*h + 15. What is the units digit of y?
9
Let x be (-4 + 2)*(-12)/(-4). Let u = 9 + x. What is the units digit of u?
3
Let g(t) = t + 9. Let n(h) = 2*h + 1. Let r be n(-4). Let z be g(r). Let y(u) = 2*u**2 - 2*u - 1. What is the units digit of y(z)?
3
Let t(j) = -j**3 + j**2 + 2. Let o be t(0). Suppose -l + 4*s = -12, o*l + 2*s - 12 = 2. What is the units digit of l?
8
Suppose 5*a = 640 - 90. What is the tens digit of a?
1
Let b(v) = v**3 - 2*v**2 + 2*v. Let n be (-91)/(-35) + (-3)/5. What is the units digit of b(n)?
4
Suppose -6*g = 176 - 68. Let o(b) = -2*b. Let s be o(3). Let m = s - g. What is the units digit of m?
2
Suppose 0 = -3*n + 3 - 39. What is the units digit of n/10*5/(-2)?
3
Let b(l) = 3*l + 1. Let t be b(6). Let f = 32 - t. What is the tens digit of f?
1
Suppose 0 = 3*s + 2*n + 5, 2*s + 2*n = 6*s + 30. Let y(i) = -2*i - 5. Let p be y(s). Suppose p*d + 2 = 17. What is the units digit of d?
3
Suppose 2*t = -3*t + 4*h + 1035, -621 = -3*t - 5*h. What is the tens digit of t?
0
Let w = 1 - -4. Suppose 3*g - 89 = -4*j, j + 4 = -w*g + 39. Let i = j + -14. What is the units digit of i?
6
Let w = -417 - -709. What is the tens digit of w?
9
Suppose 3*l - 5 = 4*l. Let f = l + 6. What is the units digit of f?
1
Suppose 5*z + 5 = 0, -3*z + 80 - 13 = 2*j. Suppose -5*d + j = 2*p, 6 - 29 = -2*p - d. What is the tens digit of p?
1
Let h = 4 - 1. Suppose -4*s = 3*w - s - 15, -h*w + 4*s - 13 = 0. What is the units digit of (-1)/(0 + w)*-1?
1
Suppose -5*f + 3*h - 8*h = -185, -f = -5*h - 55. What is the tens digit of f?
4
Suppose 5*t + 30 = 7*t. Suppose 4*g + 22 = 5*y, 3*y - 9 - t = -3*g. What is the units digit of y?
6
Let q be (-14)/((-2)/(-2) + -3). Let x = -3 - q. Let o = -7 - x. What is the units digit of o?
3
Let k = -4 + 8. Suppose 3*w + z - 7 = -0*z, 0 = 4*w - 4*z - k. What is the units digit of 1/((-3)/(-6)) + w?
4
Let u = 21 - 10. What is the units digit of u?
1
Let v be (-8)/(-10) - 10/(-50). What is the tens digit of v*(2 + -1 - -10)?
1
Let q(n) = n**3 + n**2. Let a be q(-1). Let y = -5 + 5. Suppose 7 = -i + 3*s, y = i - a*i + 3*s - 17. What is the units digit of i?
5
Suppose -530 = 17*s - 22*s. What is the hundreds digit of s?
1
Suppose f = -f - 2*o + 112, 3*o = 3*f - 174. What is the tens digit of f?
5
Let l(b) = -b**3 - 7*b**2 - b - 8. Let x be l(-7). What is the units digit of (-18)/x*25/10?
5
Let o = 232 - 87. What is the units digit of o?
5
What is the tens digit of 4/(-16) - (-757)/4 - 0?
8
Let u(s) = -s - 1. Let y be u(2). What is the units digit of (1*y)/(6/(-4))?
2
What is the tens digit of 6 + (0 - 4) + 92?
9
Let m(c) = -8*c**2 - 2*c - 2. Let z be m(-1). What is the units digit of (z - 10)*(0 + -1)?
8
Suppose 4*z + 1 = 3*z. What is the units digit of 4 + 37 + z + 1?
1
Let c(f) = f + 8. Let s be c(-8). Suppose s = -4*a + a + 51. What is the tens digit of a?
1
Suppose 3*g + 105 + 158 = -5*d, 5*g = -5*d - 445. Let a = -51 - g. What is the units digit of a?
0
Let f(s) = 2*s - 5 + 0*s + 1. Let x be f(7). Suppose -4*i - 2 = -x. What is the units digit of i?
2
What is the tens digit of (0 - -2 - -2)/((-2)/(-90))?
8
Let u = 8 + -5. Let y be u/(-5)*(-10)/2. Suppose 2*g = -d - 6, -2*g + y = 5*d + 1. What is the units digit of d?
2
Let f = 0 - -3. Suppose 4*v - 25 = f*y + 18, -5*y - 46 = -3*v. What is the units digit of v?
7
Let x = 18 + -9. Let a(c) = 4*c + 0 - x - c. What is the tens digit of a(7)?
1
Suppose 0 = -l - 4*l + 25. Let r = 13 - l. What is the units digit of r?
8
Let f be 3*(8/6)/2. Suppose 21 = -4*v - 5*y, -v - y - 2 = f*v. What is the units digit of v?
1
Let z = -17 - -25. Suppose z + 8 = -2*s. Let d = -5 - s. What is the units digit of d?
3
Suppose 5*p + 3*j = 